NOAA-Style Climate Reports
Select a Year or Month report
2024: Jan Feb Mar Apr May Jun Jul Aug Sep Oct Nov Dec
2023: Jan Feb Mar Apr May Jun Jul Aug Sep Oct Nov Dec
2022: Jan Feb Mar Apr May Jun Jul Aug Sep Oct Nov Dec
2021: Jan Feb Mar Apr May Jun Jul Aug Sep Oct Nov Dec
2020: Jan Feb Mar Apr May Jun Jul Aug Sep Oct Nov Dec
2019: Jan Feb Mar Apr May Jun Jul Aug Sep Oct Nov Dec
2018: Jan Feb Mar Apr May Jun Jul Aug Sep Oct Nov Dec
2017: Jan Feb Mar Apr May Jun Jul Aug Sep Oct Nov Dec
2016: Jan Feb Mar Apr May Jun Jul Aug Sep Oct Nov Dec
2015: Jan Feb Mar Apr May Jun Jul Aug Sep Oct Nov Dec
2014: Jan Feb Mar Apr May Jun Jul Aug Sep Oct Nov Dec
2013: Jan Feb Mar Apr May Jun Jul Aug Sep Oct Nov Dec
2012: Jan Feb Mar Apr May Jun Jul Aug Sep Oct Nov Dec
2011: Jan Feb Mar Apr May Jun Jul Aug Sep Oct Nov Dec
2010: Jan Feb Mar Apr May Jun Jul Aug Sep Oct Nov Dec
2009: Jan Feb Mar Apr May Jun Jul Aug Sep Oct Nov Dec
2008: Jan Feb Mar Apr May Jun Jul Aug Sep Oct Nov Dec
2024: Jan Feb Mar Apr May Jun Jul Aug Sep Oct Nov Dec
2023: Jan Feb Mar Apr May Jun Jul Aug Sep Oct Nov Dec
2022: Jan Feb Mar Apr May Jun Jul Aug Sep Oct Nov Dec
2021: Jan Feb Mar Apr May Jun Jul Aug Sep Oct Nov Dec
2020: Jan Feb Mar Apr May Jun Jul Aug Sep Oct Nov Dec
2019: Jan Feb Mar Apr May Jun Jul Aug Sep Oct Nov Dec
2018: Jan Feb Mar Apr May Jun Jul Aug Sep Oct Nov Dec
2017: Jan Feb Mar Apr May Jun Jul Aug Sep Oct Nov Dec
2016: Jan Feb Mar Apr May Jun Jul Aug Sep Oct Nov Dec
2015: Jan Feb Mar Apr May Jun Jul Aug Sep Oct Nov Dec
2014: Jan Feb Mar Apr May Jun Jul Aug Sep Oct Nov Dec
2013: Jan Feb Mar Apr May Jun Jul Aug Sep Oct Nov Dec
2012: Jan Feb Mar Apr May Jun Jul Aug Sep Oct Nov Dec
2011: Jan Feb Mar Apr May Jun Jul Aug Sep Oct Nov Dec
2010: Jan Feb Mar Apr May Jun Jul Aug Sep Oct Nov Dec
2009: Jan Feb Mar Apr May Jun Jul Aug Sep Oct Nov Dec
2008: Jan Feb Mar Apr May Jun Jul Aug Sep Oct Nov Dec
Report for 2024 May
MONTHLY CLIMATOLOGICAL SUMMARY FOR 5/2024 HEAT COOL MEAN DEG DEG WIND SPEED DOM MEAN MEAN DAY TEMP HIGH TIME LOW TIME DAYS DAYS RAIN AVG HI TIME DIR BAROM HUM --------------------------------------------------------------------------------------- 1 13.4 16.5 15:51 11.1 7:20 52 0 0.0 5 29 12:12 E1016.7 82 2 15.3 20.1 14:57 11.6 5:39 50 0 0.0 4 21 12:51 N1013.6 71 3 13.6 17.1 15:18 9.8 23:52 51 0 0.0 14 71 10:32 N1010.3 61 4 10.7 14.2 13:31 8.7 6:43 54 0 3.4 5 29 13:55 N1009.0 70 5 12.8 17.1 13:32 9.4 0:00 52 0 0.2 4 29 15:01 N1016.3 65 6 15.5 20.8 15:41 11.0 6:20 48 0 0.0 2 26 14:18 N1017.2 56 7 17.7 22.6 15:05 13.5 4:08 47 0 0.0 2 21 13:21 N1015.5 47 8 18.0 22.2 15:02 15.1 5:01 47 0 0.0 4 27 12:22 N1014.0 44 9 13.7 17.1 14:11 10.8 17:41 51 0 19.2 3 34 13:12 N1012.1 62 10 10.9 12.7 11:57 9.6 23:40 54 0 24.8 1 27 1:15 N1012.2 83 11 11.3 14.7 14:58 9.2 7:07 54 0 0.0 1 18 13:36 N1015.9 75 12 14.2 18.6 16:18 10.4 5:44 51 0 0.0 2 23 16:19 N1017.9 50 13 14.8 18.9 15:24 12.6 22:15 50 0 0.0 1 21 16:34 N1016.3 63 14 12.7 16.8 14:21 10.9 5:48 52 0 0.0 1 19 14:06 N1016.1 82 15 13.6 18.8 16:06 9.9 6:46 51 0 0.0 1 23 14:55 N1016.7 81 16 14.5 18.4 23:55 11.1 7:06 50 0 0.0 3 35 21:36 N1019.1 74 17 17.4 22.6 19:01 14.5 4:33 48 0 0.0 2 27 0:00 N1016.6 62 18 20.6 26.2 15:12 16.4 0:35 44 0 0.0 3 18 17:18 N1016.0 57 19 22.2 26.9 16:12 18.6 6:57 43 0 0.0 2 19 17:27 N1011.3 56 20 19.3 23.3 11:46 17.7 6:42 23 0 0.0 1 13 11:33 SE1011.2 72 --------------------------------------------------------------------------------------- TOT 15.0 26.9 19/5/24 8.7 4/5/24 974 0 47.6 3 71 3/5/24 N1014.8 66 HEAT BASE: 65.0 COOL BASE: 65.0