NOAA-Style Climate Reports


Report for 2024 February
                  MONTHLY CLIMATOLOGICAL SUMMARY FOR 2/2024
                                        HEAT  COOL        
     MEAN                               DEG   DEG       WIND SPEED       DOM MEAN  MEAN
DAY  TEMP  HIGH   TIME     LOW   TIME   DAYS  DAYS RAIN AVG  HI  TIME    DIR BAROM HUM
---------------------------------------------------------------------------------------
1     3.3   7.5    15:01  -0.1     5:12   62    0   0.0   3  21    15:01  SE1029.1   46
2     6.3  10.1    13:06   4.1    22:11   59    0   0.0   2  18    16:07   N1024.1   41
3     5.1   8.7    14:32   2.0     6:34   60    0   0.0   2  19    15:16   N1025.8   63
4     9.1  13.1    15:37   4.7     0:16   56    0   0.0   4  21     9:54   N1024.3   53
5    13.0  16.8    13:53   9.8     8:12   52    0   0.0   3  21     5:02   N1023.3   45
6    14.8  18.3    16:08  11.5     0:00   50    0   0.0   3  18    15:45   N1022.4   30
7    12.4  16.6    13:38   9.7     5:18   53    0   0.0   2  14    12:58   N1016.6   43
8    10.9  13.7    14:15   8.4    22:20   54    0   0.0   5  27    12:05   N1013.8   54
9     9.7  13.8    14:38   6.8     8:04   55    0   0.0   2  19    15:58   N1014.5   66
10   10.6  12.9    15:28   8.1     3:41   54    0   0.0   7  29    12:51   N1015.2   49
11    9.8  11.1    15:51   8.4     7:41   55    0   2.2  14  58    19:18  SE1011.4   76
12    7.5  10.9    14:30   5.4     7:27   58    0  14.2  11  60     0:20   N1007.9   79
13    7.4  10.8    12:14   4.5     5:06   58    0   0.4   2  21    12:16   N1010.5   75
14    7.2  10.1    14:09   5.1     7:56   58    0   0.2   2  26    21:40   N1014.5   68
15    5.5   8.4    14:06   3.2     7:34   60    0   0.0   1  23    12:40   N1019.6   66
16    5.6   8.5    16:32   4.4     2:07   59    0   0.0   0  13    16:43   N1022.9   68
17    7.2  11.6    14:11   4.5     1:27   58    0   0.0   1  19    12:59   N1026.5   70
18    8.9  13.4    14:46   6.2     7:26   56    0   0.0   1  21    14:49   N1028.5   63
19    7.5  10.7    12:26   5.6     7:24   58    0   0.2   1  16    12:41   N1025.2   75
20    6.3   8.8    11:43   5.1     5:04   56    0   0.4   1  14    11:59   N1023.2   85
21    5.3   6.7    11:37   4.3     5:12   53    0   1.2   0  11    11:18   N1024.8   86
22    6.4   9.3    13:56   4.2     4:18   55    0   0.4   2  21    22:11   N1023.3   88
23    9.1  11.8    16:08   7.6     1:51   56    0   0.2  13  35    16:09   N1020.2   79
24    9.5  12.4    11:54   8.9     6:50   28    0   0.0  11  29     0:00   N1020.7   69
---------------------------------------------------------------------------------------
TOT   8.2  18.3   6/2/24  -0.1   1/2/24 1322    0  19.4   4  60  12/2/24   N1020.3   64

HEAT BASE: 65.0
COOL BASE: 65.0